
{"id":177,"date":"2016-03-05T14:50:13","date_gmt":"2016-03-05T13:50:13","guid":{"rendered":"http:\/\/ral-bsl.linux-azur.org\/?page_id=177"},"modified":"2024-04-01T15:52:19","modified_gmt":"2024-04-01T14:52:19","slug":"plan-dacces","status":"publish","type":"page","link":"https:\/\/ral-bsl.linux-azur.org\/?page_id=177","title":{"rendered":"Plan d&rsquo;acc\u00e8s"},"content":{"rendered":"<p>Suite \u00e0 \u00e9vacuation des locaux pr\u00e9fabriqu\u00e9s du BSL Ados, les s\u00e9ances de RAL du BSL (ou ateliers logiciels libres) se d\u00e9roulent dans les anciens locaux de la perception, au dernier \u00e9tage au-dessus de l&rsquo;\u00e9cole de musique et en face des nouveaux locaux du BSL Ados (espace Guintran, au dessus de la boulangerie corse et \u00e0 c\u00f4t\u00e9 de la gendarmerie).<\/p>\n<p><img decoding=\"async\" loading=\"lazy\" width=\"800\" height=\"600\" src=\"https:\/\/ral-bsl.linux-azur.org\/wp-content\/uploads\/2020\/12\/REDIMG_20191129_163207.jpg\" alt=\"\" class=\"wp-image-1161\" srcset=\"https:\/\/ral-bsl.linux-azur.org\/wp-content\/uploads\/2020\/12\/REDIMG_20191129_163207.jpg 800w, https:\/\/ral-bsl.linux-azur.org\/wp-content\/uploads\/2020\/12\/REDIMG_20191129_163207-300x225.jpg 300w, https:\/\/ral-bsl.linux-azur.org\/wp-content\/uploads\/2020\/12\/REDIMG_20191129_163207-768x576.jpg 768w\" sizes=\"(max-width: 800px) 100vw, 800px\" \/><\/p>\n<p><a href=\"https:\/\/ral-bsl.linux-azur.org\/wp-content\/uploads\/2019\/12\/REDIMG_20191129_161832.jpg\"><img decoding=\"async\" loading=\"lazy\" class=\"size-medium wp-image-542 alignnone\" src=\"https:\/\/ral-bsl.linux-azur.org\/wp-content\/uploads\/2019\/12\/REDIMG_20191129_161832-225x300.jpg\" alt=\"\" width=\"225\" height=\"300\" srcset=\"https:\/\/ral-bsl.linux-azur.org\/wp-content\/uploads\/2019\/12\/REDIMG_20191129_161832-225x300.jpg 225w, https:\/\/ral-bsl.linux-azur.org\/wp-content\/uploads\/2019\/12\/REDIMG_20191129_161832.jpg 600w\" sizes=\"(max-width: 225px) 100vw, 225px\" \/><\/a><a href=\"https:\/\/ral-bsl.linux-azur.org\/wp-content\/uploads\/2019\/12\/REDIMG_20191129_163132.jpg\"><img decoding=\"async\" loading=\"lazy\" class=\"wp-image-543 alignnone\" src=\"https:\/\/ral-bsl.linux-azur.org\/wp-content\/uploads\/2019\/12\/REDIMG_20191129_163132-300x225.jpg\" alt=\"\" width=\"400\" height=\"300\" srcset=\"https:\/\/ral-bsl.linux-azur.org\/wp-content\/uploads\/2019\/12\/REDIMG_20191129_163132-300x225.jpg 300w, https:\/\/ral-bsl.linux-azur.org\/wp-content\/uploads\/2019\/12\/REDIMG_20191129_163132-768x576.jpg 768w, https:\/\/ral-bsl.linux-azur.org\/wp-content\/uploads\/2019\/12\/REDIMG_20191129_163132.jpg 800w\" sizes=\"(max-width: 400px) 100vw, 400px\" \/><\/a><\/p>\n<p>Pour s&rsquo;y rendre par la route, le plus simple est d&#8217;emprunter la d\u00e9partementale et tourner au premier &laquo;&nbsp;rond-point&nbsp;&raquo; pour monter au centre du village (\u00e0 gauche en venant de Grasse, \u00e0 droite en venant de Vence). L&rsquo;entr\u00e9e se trouve sur le parking du haut de l&rsquo;espace Guintran.<\/p>\n<p>Il y a trois zones de parking :<br \/>\n&#8211; la plus proche de l&rsquo;entr\u00e9e (P1), tout en haut,<br \/>\n&#8211; celle interm\u00e9diaire (P2) entre commerces et l&rsquo;entr\u00e9e,<br \/>\n&#8211; enfin en bas (P3), mais attention aux zones bleues, la police veille!<\/p>\n<p style=\"text-align: center;\"><a href=\"https:\/\/ral-bsl.linux-azur.org\/wp-content\/uploads\/2019\/12\/parkings.jpg\"><img decoding=\"async\" loading=\"lazy\" class=\"aligncenter wp-image-551\" src=\"https:\/\/ral-bsl.linux-azur.org\/wp-content\/uploads\/2019\/12\/parkings-300x220.jpg\" alt=\"zones de parkings\" width=\"500\" height=\"366\" srcset=\"https:\/\/ral-bsl.linux-azur.org\/wp-content\/uploads\/2019\/12\/parkings-300x220.jpg 300w, https:\/\/ral-bsl.linux-azur.org\/wp-content\/uploads\/2019\/12\/parkings-768x562.jpg 768w, https:\/\/ral-bsl.linux-azur.org\/wp-content\/uploads\/2019\/12\/parkings.jpg 994w\" sizes=\"(max-width: 500px) 100vw, 500px\" \/><\/a><\/p>\n<p style=\"text-align: center;\"><a href=\"https:\/\/osm.org\/go\/xXSuPuW7U?m=\" target=\"_blank\" rel=\"noopener\">Lien OpenStreetMap<\/a><\/p>\n<p style=\"text-align: center;\"><iframe loading=\"lazy\" style=\"border: 1px solid black;\" src=\"https:\/\/www.openstreetmap.org\/export\/embed.html?bbox=6.9843327999115%2C43.699230430414836%2C6.9881629943847665%2C43.70093106179405&amp;layer=mapnik&amp;marker=43.70008075213413%2C6.986247897148132\" marginwidth=\"0\" marginheight=\"0\" scrolling=\"no\" width=\"425\" height=\"350\" frameborder=\"0\"><\/iframe><br \/>\n<small><a href=\"https:\/\/www.openstreetmap.org\/?mlat=43.70008&amp;mlon=6.98625#map=19\/43.70008\/6.98625\">Afficher une carte plus grande<\/a><\/small><\/p>\n","protected":false},"excerpt":{"rendered":"<p>Suite \u00e0 \u00e9vacuation des locaux pr\u00e9fabriqu\u00e9s du BSL Ados, les s\u00e9ances de RAL du BSL (ou ateliers logiciels libres) se d\u00e9roulent dans les anciens locaux de la perception, au dernier \u00e9tage au-dessus de l&rsquo;\u00e9cole de musique et en face des nouveaux locaux du BSL Ados (espace Guintran, au dessus de la boulangerie corse et \u00e0 &hellip; <a href=\"https:\/\/ral-bsl.linux-azur.org\/?page_id=177\" class=\"more-link\">Continue reading <span class=\"screen-reader-text\">Plan d&rsquo;acc\u00e8s<\/span><\/a><\/p>\n","protected":false},"author":14,"featured_media":0,"parent":0,"menu_order":0,"comment_status":"closed","ping_status":"open","template":"","meta":[],"_links":{"self":[{"href":"https:\/\/ral-bsl.linux-azur.org\/index.php?rest_route=\/wp\/v2\/pages\/177"}],"collection":[{"href":"https:\/\/ral-bsl.linux-azur.org\/index.php?rest_route=\/wp\/v2\/pages"}],"about":[{"href":"https:\/\/ral-bsl.linux-azur.org\/index.php?rest_route=\/wp\/v2\/types\/page"}],"author":[{"embeddable":true,"href":"https:\/\/ral-bsl.linux-azur.org\/index.php?rest_route=\/wp\/v2\/users\/14"}],"replies":[{"embeddable":true,"href":"https:\/\/ral-bsl.linux-azur.org\/index.php?rest_route=%2Fwp%2Fv2%2Fcomments&post=177"}],"version-history":[{"count":18,"href":"https:\/\/ral-bsl.linux-azur.org\/index.php?rest_route=\/wp\/v2\/pages\/177\/revisions"}],"predecessor-version":[{"id":1162,"href":"https:\/\/ral-bsl.linux-azur.org\/index.php?rest_route=\/wp\/v2\/pages\/177\/revisions\/1162"}],"wp:attachment":[{"href":"https:\/\/ral-bsl.linux-azur.org\/index.php?rest_route=%2Fwp%2Fv2%2Fmedia&parent=177"}],"curies":[{"name":"wp","href":"https:\/\/api.w.org\/{rel}","templated":true}]}}