
{"id":15,"date":"2015-08-15T15:31:57","date_gmt":"2015-08-15T14:31:57","guid":{"rendered":"http:\/\/91.121.48.103\/wordpress\/?page_id=15"},"modified":"2024-04-01T15:51:34","modified_gmt":"2024-04-01T14:51:34","slug":"a-propos","status":"publish","type":"page","link":"https:\/\/ral-bsl.linux-azur.org\/?page_id=15","title":{"rendered":"A propos"},"content":{"rendered":"<p>Bonjour, au-del\u00e0 des activit\u00e9s informatiques (et tac), nous sommes un groupe d&rsquo;humains, aux go\u00fbts et id\u00e9es vari\u00e9s, forts de nos richesses d&rsquo;exp\u00e9riences et de cultures diff\u00e9rentes, mais avec des valeurs communes : l&rsquo;\u00e9change, le partage, le respect d&rsquo;autrui, et la conscience que la libert\u00e9 individuelle doit \u00eatre d\u00e9fendue&#8230; et que les informations personnelles doivent pouvoir le rester, ce qui implique d&rsquo;en avoir le contr\u00f4le et d&rsquo;en rester le possesseur &#8211; et non de devenir la propri\u00e9t\u00e9 de certains \u00e9diteurs &#8211; , car comme l&rsquo;informatique est avant tout la science de l&rsquo;information, c&rsquo;est bien cette information qui compte&#8230;<\/p>\n","protected":false},"excerpt":{"rendered":"<p>Bonjour, au-del\u00e0 des activit\u00e9s informatiques (et tac), nous sommes un groupe d&rsquo;humains, aux go\u00fbts et id\u00e9es vari\u00e9s, forts de nos richesses d&rsquo;exp\u00e9riences et de cultures diff\u00e9rentes, mais avec des valeurs communes : l&rsquo;\u00e9change, le partage, le respect d&rsquo;autrui, et la conscience que la libert\u00e9 individuelle doit \u00eatre d\u00e9fendue&#8230; et que les informations personnelles doivent pouvoir &hellip; <a href=\"https:\/\/ral-bsl.linux-azur.org\/?page_id=15\" class=\"more-link\">Continue reading <span class=\"screen-reader-text\">A propos<\/span><\/a><\/p>\n","protected":false},"author":14,"featured_media":0,"parent":0,"menu_order":0,"comment_status":"closed","ping_status":"closed","template":"","meta":[],"_links":{"self":[{"href":"https:\/\/ral-bsl.linux-azur.org\/index.php?rest_route=\/wp\/v2\/pages\/15"}],"collection":[{"href":"https:\/\/ral-bsl.linux-azur.org\/index.php?rest_route=\/wp\/v2\/pages"}],"about":[{"href":"https:\/\/ral-bsl.linux-azur.org\/index.php?rest_route=\/wp\/v2\/types\/page"}],"author":[{"embeddable":true,"href":"https:\/\/ral-bsl.linux-azur.org\/index.php?rest_route=\/wp\/v2\/users\/14"}],"replies":[{"embeddable":true,"href":"https:\/\/ral-bsl.linux-azur.org\/index.php?rest_route=%2Fwp%2Fv2%2Fcomments&post=15"}],"version-history":[{"count":1,"href":"https:\/\/ral-bsl.linux-azur.org\/index.php?rest_route=\/wp\/v2\/pages\/15\/revisions"}],"predecessor-version":[{"id":16,"href":"https:\/\/ral-bsl.linux-azur.org\/index.php?rest_route=\/wp\/v2\/pages\/15\/revisions\/16"}],"wp:attachment":[{"href":"https:\/\/ral-bsl.linux-azur.org\/index.php?rest_route=%2Fwp%2Fv2%2Fmedia&parent=15"}],"curies":[{"name":"wp","href":"https:\/\/api.w.org\/{rel}","templated":true}]}}